{"id":1671,"date":"2020-12-04T18:52:00","date_gmt":"2020-12-04T17:52:00","guid":{"rendered":"http:\/\/www.bhak-eisenstadt.at\/2016\/?page_id=1671"},"modified":"2024-01-21T17:18:41","modified_gmt":"2024-01-21T16:18:41","slug":"jushak","status":"publish","type":"page","link":"https:\/\/www.bhak-eisenstadt.at\/2016\/jushak\/","title":{"rendered":"JusHAK"},"content":{"rendered":"\n<p class=\"has-white-color has-text-color has-small-font-size\">Die JusHAK \u2013 wirtschaftlich und rechtlich fit f\u00fcr Beruf und Alltag  5-j\u00e4hrige Ausbildung mit Reife- und Diplompr\u00fcfung <\/p>\n\n\n\n<div class=\"wp-block-group\"><div class=\"wp-block-group__inner-container\">\n<div class=\"wp-block-group\"><div class=\"wp-block-group__inner-container\">\n<div class=\"wp-block-group\"><div class=\"wp-block-group__inner-container\">\n<div class=\"wp-block-group\"><div class=\"wp-block-group__inner-container\">\n<!--more-->\n\n\n\n<div class=\"wp-block-media-text alignwide is-stacked-on-mobile\" style=\"grid-template-columns:33% auto\"><figure class=\"wp-block-media-text__media\"><img loading=\"lazy\" width=\"300\" height=\"200\" src=\"https:\/\/www.bhak-eisenstadt.at\/2016\/wp-content\/uploads\/2020\/12\/JusHAK_2.png\" alt=\"\" class=\"wp-image-2158 size-full\"\/><\/figure><div class=\"wp-block-media-text__content\">\n<p class=\"has-text-color\" style=\"color:#99141b\"><strong>Die JusHAK \u2013<br>wirtschaftlich und rechtlich fit f\u00fcr Beruf und Alltag<\/strong><\/p>\n\n\n\n<hr class=\"wp-block-separator has-text-color has-background has-cyan-bluish-gray-background-color has-cyan-bluish-gray-color is-style-default\"\/>\n\n\n\n<p>5-j\u00e4hrige Ausbildung mit Reife- und Diplompr\u00fcfung<\/p>\n<\/div><\/div>\n\n\n\n<p><\/p>\n<\/div><\/div>\n\n\n\n<p>Die JusHAK steht f\u00fcr eine wirtschaftliche Ausbildung mit einem juristischen Schwerpunkt und legt den Grundstein eines Jus-Studiums. Die Ausbildung umfasst eine praxisorientierte Rechtsausbildung, fundierte Allgemeinbildung, unternehmerisches Denken und Handeln sowie hohe IT-Kompetenz und vieles andere. Die JusHAK sorgt f\u00fcr einen spannenden Unterricht in dem Sch\u00fclerinnen und Sch\u00fcler Fallbeispiele l\u00f6sen und mit Fachexperten zusammen gearbeitet wird. Bei Exkursionen und Unternehmensbesuchen erleben sie die Praxis live, in der man Rechtskenntnisse anwendet. F\u00fcr die abschlie\u00dfende Diplomarbeit wird in kleinen Teams eigenst\u00e4ndig ein Projekt entwickelt. <\/p>\n\n\n\n<hr class=\"wp-block-separator is-style-default\"\/>\n\n\n\n<figure class=\"wp-block-image size-large\"><img loading=\"lazy\" width=\"1024\" height=\"513\" src=\"https:\/\/www.bhak-eisenstadt.at\/2016\/wp-content\/uploads\/2021\/04\/jus-standorte7-1024x513.png\" alt=\"\" class=\"wp-image-2740\" srcset=\"https:\/\/www.bhak-eisenstadt.at\/2016\/wp-content\/uploads\/2021\/04\/jus-standorte7-1024x513.png 1024w, https:\/\/www.bhak-eisenstadt.at\/2016\/wp-content\/uploads\/2021\/04\/jus-standorte7-300x150.png 300w, https:\/\/www.bhak-eisenstadt.at\/2016\/wp-content\/uploads\/2021\/04\/jus-standorte7-768x384.png 768w, https:\/\/www.bhak-eisenstadt.at\/2016\/wp-content\/uploads\/2021\/04\/jus-standorte7-1536x769.png 1536w, https:\/\/www.bhak-eisenstadt.at\/2016\/wp-content\/uploads\/2021\/04\/jus-standorte7.png 1640w\" sizes=\"(max-width: 1024px) 100vw, 1024px\" \/><\/figure>\n\n\n\n<p><strong>Welche Schwerpunkte beinhaltet die Ausbildung?<\/strong> <br>\u00a7      Angewandtes Recht <br>\u00a7      Juristische Korrespondenz  <br>\u00a7      Juristische Praxisfelder <br>\u00a7      Juristische Case Studies  <br>\u00a7      Juristische Rhetorik <br>\u00a7      Individuelles JusHAK-Portfolio    <\/p>\n\n\n\n<p>Vorstellung der JusHAK in einem kurzen <a href=\"https:\/\/youtu.be\/wnJh9lfb-mE\">Video<\/a><\/p>\n\n\n\n<p>Weitere Informationen finden Sie unter <a href=\"http:\/\/www.jushak.at\">www.jushak.at<\/a><\/p>\n\n\n\n<p>Der neue Lehrplan zur JusHAK kann auf <a rel=\"noreferrer noopener\" href=\"https:\/\/www.hak.cc\/unterricht\/lehrplaene\/lehrplan-der-handelsakademie-wirtschaft-und-recht-jushak\" target=\"_blank\">hak.cc<\/a> abgerufen werden <\/p>\n<\/div><\/div>\n<\/div><\/div>\n<\/div><\/div>\n\n\n\n<div class=\"wp-block-columns\">\n<div class=\"wp-block-column\" style=\"flex-basis:33.33%\">\n<p>Kooperationspartner:<\/p>\n<\/div>\n\n\n\n<div class=\"wp-block-column\" style=\"flex-basis:40%\">\n<figure class=\"wp-block-image size-large is-resized\"><img loading=\"lazy\" src=\"https:\/\/www.bhak-eisenstadt.at\/2016\/wp-content\/uploads\/2021\/11\/LOGO-BeckPartner-1024x98.jpg\" alt=\"\" class=\"wp-image-3073\" width=\"215\" height=\"20\" srcset=\"https:\/\/www.bhak-eisenstadt.at\/2016\/wp-content\/uploads\/2021\/11\/LOGO-BeckPartner-1024x98.jpg 1024w, https:\/\/www.bhak-eisenstadt.at\/2016\/wp-content\/uploads\/2021\/11\/LOGO-BeckPartner-300x29.jpg 300w, https:\/\/www.bhak-eisenstadt.at\/2016\/wp-content\/uploads\/2021\/11\/LOGO-BeckPartner-768x74.jpg 768w, https:\/\/www.bhak-eisenstadt.at\/2016\/wp-content\/uploads\/2021\/11\/LOGO-BeckPartner-1536x147.jpg 1536w, https:\/\/www.bhak-eisenstadt.at\/2016\/wp-content\/uploads\/2021\/11\/LOGO-BeckPartner-2048x196.jpg 2048w\" sizes=\"(max-width: 215px) 100vw, 215px\" \/><\/figure>\n<\/div>\n<\/div>\n\n\n\n<p><\/p>\n","protected":false},"excerpt":{"rendered":"<p>Die JusHAK \u2013 wirtschaftlich und rechtlich fit f\u00fcr Beruf und Alltag 5-j\u00e4hrige Ausbildung mit Reife- und Diplompr\u00fcfung<\/p>\n","protected":false},"author":4,"featured_media":0,"parent":0,"menu_order":0,"comment_status":"closed","ping_status":"closed","template":"","meta":[],"amp_enabled":true,"_links":{"self":[{"href":"https:\/\/www.bhak-eisenstadt.at\/2016\/wp-json\/wp\/v2\/pages\/1671"}],"collection":[{"href":"https:\/\/www.bhak-eisenstadt.at\/2016\/wp-json\/wp\/v2\/pages"}],"about":[{"href":"https:\/\/www.bhak-eisenstadt.at\/2016\/wp-json\/wp\/v2\/types\/page"}],"author":[{"embeddable":true,"href":"https:\/\/www.bhak-eisenstadt.at\/2016\/wp-json\/wp\/v2\/users\/4"}],"replies":[{"embeddable":true,"href":"https:\/\/www.bhak-eisenstadt.at\/2016\/wp-json\/wp\/v2\/comments?post=1671"}],"version-history":[{"count":59,"href":"https:\/\/www.bhak-eisenstadt.at\/2016\/wp-json\/wp\/v2\/pages\/1671\/revisions"}],"predecessor-version":[{"id":4003,"href":"https:\/\/www.bhak-eisenstadt.at\/2016\/wp-json\/wp\/v2\/pages\/1671\/revisions\/4003"}],"wp:attachment":[{"href":"https:\/\/www.bhak-eisenstadt.at\/2016\/wp-json\/wp\/v2\/media?parent=1671"}],"curies":[{"name":"wp","href":"https:\/\/api.w.org\/{rel}","templated":true}]}}

<p class="has-white-color has-text-color has-small-font-size">Die JusHAK – wirtschaftlich und rechtlich fit für Beruf und Alltag  5-jährige Ausbildung mit Reife- und Diplomprüfung </p>



<div class="wp-block-group"><div class="wp-block-group__inner-container">
<div class="wp-block-group"><div class="wp-block-group__inner-container">
<div class="wp-block-group"><div class="wp-block-group__inner-container">
<div class="wp-block-group"><div class="wp-block-group__inner-container">
<!--more-->



<div class="wp-block-media-text alignwide is-stacked-on-mobile" style="grid-template-columns:33% auto"><figure class="wp-block-media-text__media"><img loading="lazy" width="300" height="200" src="https://www.bhak-eisenstadt.at/2016/wp-content/uploads/2020/12/JusHAK_2.png" alt="" class="wp-image-2158 size-full"/></figure><div class="wp-block-media-text__content">
<p class="has-text-color" style="color:#99141b"><strong>Die JusHAK –<br>wirtschaftlich und rechtlich fit für Beruf und Alltag</strong></p>



<hr class="wp-block-separator has-text-color has-background has-cyan-bluish-gray-background-color has-cyan-bluish-gray-color is-style-default"/>



<p>5-jährige Ausbildung mit Reife- und Diplomprüfung</p>
</div></div>



<p></p>
</div></div>



<p>Die JusHAK steht für eine wirtschaftliche Ausbildung mit einem juristischen Schwerpunkt und legt den Grundstein eines Jus-Studiums. Die Ausbildung umfasst eine praxisorientierte Rechtsausbildung, fundierte Allgemeinbildung, unternehmerisches Denken und Handeln sowie hohe IT-Kompetenz und vieles andere. Die JusHAK sorgt für einen spannenden Unterricht in dem Schülerinnen und Schüler Fallbeispiele lösen und mit Fachexperten zusammen gearbeitet wird. Bei Exkursionen und Unternehmensbesuchen erleben sie die Praxis live, in der man Rechtskenntnisse anwendet. Für die abschließende Diplomarbeit wird in kleinen Teams eigenständig ein Projekt entwickelt. </p>



<hr class="wp-block-separator is-style-default"/>



<figure class="wp-block-image size-large"><img loading="lazy" width="1024" height="513" src="https://www.bhak-eisenstadt.at/2016/wp-content/uploads/2021/04/jus-standorte7-1024x513.png" alt="" class="wp-image-2740" srcset="https://www.bhak-eisenstadt.at/2016/wp-content/uploads/2021/04/jus-standorte7-1024x513.png 1024w, https://www.bhak-eisenstadt.at/2016/wp-content/uploads/2021/04/jus-standorte7-300x150.png 300w, https://www.bhak-eisenstadt.at/2016/wp-content/uploads/2021/04/jus-standorte7-768x384.png 768w, https://www.bhak-eisenstadt.at/2016/wp-content/uploads/2021/04/jus-standorte7-1536x769.png 1536w, https://www.bhak-eisenstadt.at/2016/wp-content/uploads/2021/04/jus-standorte7.png 1640w" sizes="(max-width: 1024px) 100vw, 1024px" /></figure>



<p><strong>Welche Schwerpunkte beinhaltet die Ausbildung?</strong> <br>§      Angewandtes Recht <br>§      Juristische Korrespondenz  <br>§      Juristische Praxisfelder <br>§      Juristische Case Studies  <br>§      Juristische Rhetorik <br>§      Individuelles JusHAK-Portfolio    </p>



<p>Vorstellung der JusHAK in einem kurzen <a href="https://youtu.be/wnJh9lfb-mE">Video</a></p>



<p>Weitere Informationen finden Sie unter <a href="http://www.jushak.at">www.jushak.at</a></p>



<p>Der neue Lehrplan zur JusHAK kann auf <a rel="noreferrer noopener" href="https://www.hak.cc/unterricht/lehrplaene/lehrplan-der-handelsakademie-wirtschaft-und-recht-jushak" target="_blank">hak.cc</a> abgerufen werden </p>
</div></div>
</div></div>
</div></div>



<div class="wp-block-columns">
<div class="wp-block-column" style="flex-basis:33.33%">
<p>Kooperationspartner:</p>
</div>



<div class="wp-block-column" style="flex-basis:40%">
<figure class="wp-block-image size-large is-resized"><img loading="lazy" src="https://www.bhak-eisenstadt.at/2016/wp-content/uploads/2021/11/LOGO-BeckPartner-1024x98.jpg" alt="" class="wp-image-3073" width="215" height="20" srcset="https://www.bhak-eisenstadt.at/2016/wp-content/uploads/2021/11/LOGO-BeckPartner-1024x98.jpg 1024w, https://www.bhak-eisenstadt.at/2016/wp-content/uploads/2021/11/LOGO-BeckPartner-300x29.jpg 300w, https://www.bhak-eisenstadt.at/2016/wp-content/uploads/2021/11/LOGO-BeckPartner-768x74.jpg 768w, https://www.bhak-eisenstadt.at/2016/wp-content/uploads/2021/11/LOGO-BeckPartner-1536x147.jpg 1536w, https://www.bhak-eisenstadt.at/2016/wp-content/uploads/2021/11/LOGO-BeckPartner-2048x196.jpg 2048w" sizes="(max-width: 215px) 100vw, 215px" /></figure>
</div>
</div>



<p></p>

<p>Die JusHAK – wirtschaftlich und rechtlich fit für Beruf und Alltag 5-jährige Ausbildung mit Reife- und Diplomprüfung</p>
