{"id":35,"date":"2017-03-20T21:26:11","date_gmt":"2017-03-20T20:26:11","guid":{"rendered":"http:\/\/www.bhak-eisenstadt.at\/2016\/?page_id=35"},"modified":"2021-08-03T17:53:16","modified_gmt":"2021-08-03T15:53:16","slug":"has","status":"publish","type":"page","link":"https:\/\/www.bhak-eisenstadt.at\/2016\/has\/","title":{"rendered":"HAS"},"content":{"rendered":"<p><img loading=\"lazy\" class=\"size-medium wp-image-1299 alignleft\" src=\"http:\/\/www.bhak-eisenstadt.at\/2016\/wp-content\/uploads\/2018\/01\/HAS_2-300x200.png\" alt=\"\" width=\"300\" height=\"200\"><span style=\"color: #99141b;\"><strong>Die Handelsschule (HAS) \u2013<br \/>\nberufsorientiert und praxisnah<\/strong><\/span><\/p>\n<hr>\n<p>3-j\u00e4hrige Ausbildung mit Abschlusspr\u00fcfung<\/p>\n<p>&nbsp;<\/p>\n<p>&nbsp;<\/p>\n<p><!--more--><\/p>\n<ul>\n<li>eine Fremdsprache (Englisch)<\/li>\n<li>praxisbezogene, kaufm\u00e4nnische Ausbildung<\/li>\n<li>Kontakte mit Unternehmen im Rahmen von 150 Stunden Praktikum<\/li>\n<li>beste Qualifikationen f\u00fcr einen raschen Berufseinstieg<\/li>\n<li>durch Zusatzpr\u00fcfungen auch Studienberechtigung m\u00f6glich<\/li>\n<\/ul>\n<p>Die Handelsschule bietet dir eine praxisbezogene Ausbildung in den kaufm\u00e4nnischen Kernf\u00e4chern Betriebswirtschaft, Rechnungswesen, Wirtschaftsinformatik und Businesstraining, \u00dcbungsfirma und Qualit\u00e4ts-\/Projektmanagement verbunden mit dem Erwerb von Allgemeinbildung und Fremdsprachenkenntnissen.<\/p>\n<p>Die Abschlusspr\u00fcfung ersetzt den kaufm\u00e4nnischen Teil der Unternehmerpr\u00fcfung. Dies ist f\u00fcr jene, die sich sp\u00e4ter selbst\u00e4ndig machen wollen, von gro\u00dfem Vorteil.<\/p>\n","protected":false},"excerpt":{"rendered":"<p>Die Handelsschule (HAS) \u2013 berufsorientiert und praxisnah 3-j\u00e4hrige Ausbildung mit Abschlusspr\u00fcfung &nbsp; &nbsp;<\/p>\n","protected":false},"author":4,"featured_media":0,"parent":0,"menu_order":0,"comment_status":"closed","ping_status":"closed","template":"","meta":[],"amp_enabled":true,"_links":{"self":[{"href":"https:\/\/www.bhak-eisenstadt.at\/2016\/wp-json\/wp\/v2\/pages\/35"}],"collection":[{"href":"https:\/\/www.bhak-eisenstadt.at\/2016\/wp-json\/wp\/v2\/pages"}],"about":[{"href":"https:\/\/www.bhak-eisenstadt.at\/2016\/wp-json\/wp\/v2\/types\/page"}],"author":[{"embeddable":true,"href":"https:\/\/www.bhak-eisenstadt.at\/2016\/wp-json\/wp\/v2\/users\/4"}],"replies":[{"embeddable":true,"href":"https:\/\/www.bhak-eisenstadt.at\/2016\/wp-json\/wp\/v2\/comments?post=35"}],"version-history":[{"count":20,"href":"https:\/\/www.bhak-eisenstadt.at\/2016\/wp-json\/wp\/v2\/pages\/35\/revisions"}],"predecessor-version":[{"id":3247,"href":"https:\/\/www.bhak-eisenstadt.at\/2016\/wp-json\/wp\/v2\/pages\/35\/revisions\/3247"}],"wp:attachment":[{"href":"https:\/\/www.bhak-eisenstadt.at\/2016\/wp-json\/wp\/v2\/media?parent=35"}],"curies":[{"name":"wp","href":"https:\/\/api.w.org\/{rel}","templated":true}]}}